= u**3 - u**2 - 4*u - 12. Give b(3).
-6
Let a(k) = 4*k**3 + 6*k**2 - 7*k + 1. Determine a(1).
4
Let r(j) = j**3 + 8*j**2 - 6*j - 22. What is r(-9)?
-49
Let p(j) = 2*j**2 + 1. What is p(2)?
9
Let k(u) = -u**3 + 3*u**2 + 4*u - 5. Calculate k(-3).
37
Let i(w) = w**3 + 15*w**2 + 12*w - 28. Calculate i(-14).
0
Let u(x) = 7*x + 118. Calculate u(-17).
-1
Let u(l) = l**3 + 4*l**2 + 2*l - 5. Determine u(-3).
-2
Let d(g) = g**3 - g**2 - g - 6. Calculate d(0).
-6
Let q(t) = -t**2 + 13*t - 37. What is q(5)?
3
Let c(z) = z**2 + 12*z + 1. What is c(-12)?
1
Let k(t) = 2*t**2 + 6*t - 5. Calculate k(-5).
15
Let t(x) = -x**2 + 1. What is t(0)?
1
Let n(q) = q**2 + 12*q + 15. What is n(-5)?
-20
Let l(j) = -j**2 - 8*j + 12. Calculate l(-9).
3
Let k(p) = -p**3 - 4*p**2 - 5*p - 4. What is k(-3)?
2
Let l(a) = a**2 + 11*a + 6. What is l(-11)?
6
Let h(f) = 5*f**2. Calculate h(1).
5
Let y(u) = u - 5. What is y(1)?
-4
Let b(s) = -8*s + 5. Determine b(-1).
13
Let a(s) = s**2 - s - 2. Calculate a(2).
0
Let v(d) = -12*d + 6. What is v(-2)?
30
Let q(p) = -2*p**2 - 17*p + 21. Give q(-9).
12
Let i(k) = k**2 - 7*k + 11. Give i(6).
5
Let m(p) = -p**2 - 2*p + 3. Determine m(-3).
0
Let h(g) = -5*g - 88. Give h(-11).
-33
Let h(b) = 12*b**3 - b + 1. Calculate h(1).
12
Let q(t) = t**3 - 3*t**2 - 31*t + 16. Give q(7).
-5
Let s(h) = -h**2 - 4*h + 47. Determine s(-10).
-13
Let a(w) = -w**2 - 7*w + 14. Give a(-8).
6
Let a(m) = 3*m**2 + 23*m + 5. Calculate a(-10).
75
Let i(c) = 2*c**3 - 67*c**2 + 30*c + 94. Calculate i(33).
-5
Let g(v) = v**2 + 2*v - 123. Calculate g(-8).
-75
Let k(p) = 8*p + 4. Give k(3).
28
Let j(p) = 6*p - 56. Give j(7).
-14
Let q(m) = -m**2 + 9*m + 4. What is q(9)?
4
Let h(n) = 6*n + 71. Determine h(-14).
-13
Let k(y) = -y - 2. What is k(0)?
-2
Let q(o) = -o**2 + 9. Give q(4).
-7
Let z(b) = -5*b + 12. Determine z(5).
-13
Let r(n) = -n**3 - 7*n**2 + 2*n - 143. Give r(-9).
1
Let h(u) = 2*u**3 - 24*u**2 + 29*u - 23. Determine h(11).
54
Let c(k) = k**2 + 99*k - 623. Give c(6).
7
Let g(w) = -2*w + 1. What is g(3)?
-5
Let w(b) = -28*b - 175. Give w(-6).
-7
Let v(t) = -t - 18. Determine v(-18).
0
Let x(s) = 2*s + 5. Calculate x(-8).
-11
Let n(u) = 3*u**2 - 64*u + 88. Determine n(20).
8
Let h(z) = 6*z**2 - 2*z + 1. Determine h(3).
49
Let x(g) = -g**3 + 8*g**2 + 7*g + 22. What is x(9)?
4
Let d(a) = 22*a**2 - 50*a + 4. Give d(2).
-8
Let b(r) = r**3 - 9*r**2 - 90*r + 6. Give b(15).
6
Let w(o) = -3*o**3 + 7*o**2 - 8*o + 11. Give w(4).
-101
Let k(p) = 10*p. What is k(4)?
40
Let t(b) = 5*b + 26. What is t(-6)?
-4
Let m(b) = -2*b**3 + 5*b**2 - 2*b - 1. What is m(3)?
-16
Let x(f) = -f**2 - 17*f + 25. What is x(-18)?
7
Let y(w) = -w**2 - 9*w + 4. Calculate y(-10).
-6
Let i(z) = 25*z + 249. What is i(-10)?
-1
Let z(m) = 90*m + 816. Determine z(-9).
6
Let i(w) = 35*w + 208. What is i(-6)?
-2
Let i(t) = -11*t**2 + 6*t + 1. Calculate i(1).
-4
Let d(q) = q**2 + 8*q - 6. Determine d(-8).
-6
Let f(p) = -p**3 + 13*p**2 - 10*p - 23. Give f(12).
1
Let d(q) = -5*q + 1. Calculate d(1).
-4
Let k(c) = 2*c - 6. Give k(0).
-6
Let x(u) = u**3 - 18*u**2 - 19*u - 33. Calculate x(19).
-33
Let s(j) = -j**3 + 8*j**2 - 10*j + 9. Calculate s(6).
21
Let m(n) = -3*n**2 + 5*n + 8. Give m(-2).
-14
Let z(u) = u**2 - 2*u - 2. Determine z(5).
13
Let w(j) = j**3 + 17*j**2 + 2*j + 28. Calculate w(-17).
-6
Let t(z) = -z**2 + 4*z + 14. Give t(6).
2
Let v(s) = -2*s - 97. What is v(-4)?
-89
Let s(f) = 11*f**3 + 2*f**2 - 1. What is s(1)?
12
Let r(f) = 3*f**3 - 7*f**2 + 3*f - 11. Give r(3).
16
Let o(v) = v**3 - 13*v**2 + 2*v + 1. Calculate o(13).
27
Let k(b) = 13*b**3 + b**2 - b + 1. What is k(1)?
14
Let p(b) = -35*b + 38. Calculate p(3).
-67
Let h(z) = -z**2 - 8*z - 3. Calculate h(-7).
4
Let t(p) = p**2 - 6*p + 26. Determine t(7).
33
Let h(q) = q + 10. What is h(-16)?
-6
Let j(f) = -f**3 + 21*f**2 - 39*f + 16. Calculate j(19).
-3
Let c(k) = -k**2 - 14*k + 15. Calculate c(-13).
28
Let o(v) = 12*v**3 + v**2 - 1. Give o(1).
12
Let t(h) = h**3 + 15*h**2 - 2*h + 3. Determine t(-15).
33
Let f(m) = m**2 - 14*m - 46. Determine f(-3).
5
Let r(z) = z**3 + 3*z**2 + 6*z + 6. What is r(-3)?
-12
Let f(q) = -3*q**2 - 59*q - 35. Determine f(-19).
3
Let x(c) = 61*c + 126. Calculate x(-3).
-57
Let g(a) = 3*a + 8. Calculate g(-7).
-13
Let q(n) = -8*n - 9. Calculate q(-7).
47
Let z(o) = -2*o**2 + 2*o - 9. Determine z(0).
-9
Let d(v) = -v**3 + 8*v**2 - 3*v + 20. Determine d(8).
-4
Let d(q) = -3*q + 29. Give d(12).
-7
Let p(r) = -2*r - 13. Calculate p(9).
-31
Let m(x) = x**3 + 7*x**2 + x - 20. Determine m(0).
-20
Let c(r) = r**2 + 22*r + 111. Give c(-11).
-10
Let w(i) = -2*i + 5. What is w(10)?
-15
Let m(z) = -12*z - 24. Give m(-1).
-12
Let o(i) = 21*i - 192. What is o(9)?
-3
Let b(l) = -3*l - 9. Determine b(0).
-9
Let u(r) = -r**3 + 4*r**2 + 21*r + 2. Determine u(7).
2
Let j(a) = a**3 + 4*a**2 + 3*a + 9. Determine j(-5).
-31
Let g(l) = -l**3 + l**2 + 4*l - 1. What is g(2)?
3
Let d(r) = -r**3 + 2*r - 4. Give d(-3).
17
Let f(w) = -3*w**2 - 7*w - 15. Calculate f(-4).
-35
Let r(j) = 3*j**3 - j**2 + 2*j. Determine r(1).
4
Let s(w) = -w**3 - 21*w**2 - 22*w - 29. Determine s(-20).
11
Let m(i) = -i**2 - 13*i - 5. What is m(-13)?
-5
Let c(k) = -8*k - 4. What is c(1)?
-12
Let q(f) = 2*f**3 - 10*f**2 + 3*f - 9. Give q(5).
6
Let c(j) = -2*j - 4. Calculate c(-21).
38
Let x(w) = w - 32. What is x(-13)?
-45
Let x(n) = -n - 2. What is x(10)?
-12
Let u(a) = a**3 - 4*a**2 + 3*a - 4. What is u(4)?
8
Let y(x) = x**3 + 12*x**2 + 33*x - 7. Determine y(-6).
11
Let t(z) = 19*z + 15. Determine t(-1).
-4
Let q(d) = -d**2 + 9*d - 5. Calculate q(9).
-5
Let w(y) = y**3 - 30*y**2 + 30*y - 25. Calculate w(29).
4
Let u(l) = -13*l - 1. Calculate u(-7).
90
Let h(j) = -5*j**3 + 5*j**2 - 6*j. Calculate h(2).
-32
Let v(i) = -i**3 + 49*i**2 - 48*i + 8. Determine v(48).
8
Let r(f) = f**3 - 19*f**2 + 15*f - 13. Give r(18).
-67
Let f(j) = 33*j**3 - 2*j**2 + 1. Determine f(-1).
-34
Let i(o) = 20*o - 47. What is i(3)?
13
Let l(f) = 2*f**2 - 12*f + 6. Calculate l(8).
38
Let p(t) = -11*t - 32. What is p(-4)?
12
Let n(k) = k + 6. Calculate n(-6).
0
Let y(j) = j**2 + 7*j - 1. Determine y(-6).
-7
Let o(d) = -5*d**2 + 3*d + 19. What is o(6)?
-143
Let l(r) = r**2 + 5*r - 6. Calculate l(-6).
0
Let d(p) = p - 5. Calculate d(3).
-2
Let v(z) = 4*z - 340. Determine v(87).
8
Let b(c) = c**2 - 17*c + 3. Determine b(17).
3
Let a(b) = 5*b - 3. What is a(4)?
17
Let x(s) = -5*s + 48. Give x(10).
-2
Let p(a) = a**2 - 6*a - 196. Calculate p(-11).
-9
Let x(o) = o**3 - 38*o**2 + 3*o - 123. Give x(38).
-9
Let o(d) = d**2 + 13*d + 40. Give o(-4).
4
Let m(b) = 78*b - 57. Give m(1).
21
Let a(j) = 37*j + 189. Give a(-5).
4
Let s(c) = -2*c**3 + c**2 + 5*c + 11. What is s(5)?
-189
Let u(z) = z**2 - 7*z - 4. Give u(9).
14
Let t(h) = -7*h + 3. What is t(6)?
-39
Let t(h) = -4*h + 63. Determine t(17).
-5
Let m(t) = 5*t + 75. Determine m(-14).
5
Let h(l) = -6*l**2 + 2*l. Give h(-1).
-8
Let c(y) = -18*y + 2. Give c(0).
2
Let r(l) = l**3 - 63*l**2 - 69*l + 315. Calculate r(64).
-5
Let q(y) = -2*y**2 + 21*y - 10. Determine q(10).
0
Let v(n) = n**3 + 5*n**2 + 3*n + 15. Give v(-5).
0
Let j(f) = f**3 + 6*f**2 + 6*f. What is j(-5)?
-5
Let z(q) = q**2 + 9*q - 11. Calculate z(-10).
-1
Let i(w) = 4*w**2 + 64*w - 72. Determine i(-17).
-4
Let h(r) = -4*r**2 + r + 7. What is h(-3)?
-32
Let c(x) = -11*x - 21. Determine c(-4).
23
Let l(n) = n**2 + 16*n - 32. Determine l(-17).
-15
Let y(f) = -2*f**2 - 5*f + 7. Determine y(-6).
-35
Let g(o) = -o**2 + o + 56. Determine g(0).
56
Let d(a) = -30*a - 161. Calculate d(-4).
-41
Let g(d) = -4*d - 111. Determine g(-29).
5
Let o(h) = -7*h + 45. Give o(6).
3
Let u(p) = 2*p**2 + 23*p + 23. Calculate u(-10).
-7
Let o(i) = -3*i**3 - 24*i**2 - 2. Give o(-8).
-2
Let h(r) = -r**2 - 10*r - 29. What is h(-4)?
-5
Let s(l) = l**2 - l - 37. What is s(7)?
5
Let i(t) = -t**3 + 16*t**2 + 18*t - 17. Give i(17).
0
Let g(f) = f**3 + 17*f**2 - 17*f + 7. Give g(-18).
-11
Let q(x) = x**2 - 3*x - 5. Give q(5).
5
Let w(h) = -h**3 - 3*h**2 + 3*h + 5. Calculate w(-3).
-4
Let y(l) = l**2 + 26*l + 30. Calculate y(-25).
5
Let a(d) = -d**3 + 9*d**2 + 8*d - 14. Give a(10).
-34
Let z(r) = -2*r**2 + 72*r + 69. Calculate z(37).
-5
Let x(y) = -10*y + 5. Calculate x(7).
-65
Let y(o) = o**3 - 10*o**2 + 9*o + 8. Give y(8).
-4